mon divisor of 238 and 3?
1
What is the highest common factor of 76 and 190?
38
Calculate the highest common factor of 156 and 429.
39
Calculate the greatest common factor of 437 and 152.
19
Calculate the greatest common divisor of 6225 and 600.
75
What is the greatest common factor of 70 and 230?
10
What is the greatest common factor of 32 and 32?
32
Calculate the greatest common factor of 246 and 902.
82
What is the highest common divisor of 2 and 1642?
2
Calculate the highest common factor of 272 and 16.
16
Calculate the highest common divisor of 20 and 280.
20
What is the greatest common divisor of 272 and 68?
68
What is the greatest common divisor of 405 and 27?
27
Calculate the highest common factor of 2514 and 6.
6
What is the greatest common factor of 187 and 55?
11
Calculate the greatest common divisor of 118 and 8.
2
Calculate the greatest common factor of 2992 and 880.
176
What is the greatest common factor of 22 and 4?
2
Calculate the highest common factor of 294 and 642.
6
What is the highest common divisor of 495 and 5625?
45
What is the greatest common factor of 740 and 25?
5
Calculate the greatest common divisor of 108 and 8.
4
Calculate the highest common divisor of 89 and 1157.
89
What is the highest common factor of 10 and 21600?
10
Calculate the greatest common divisor of 436 and 10246.
218
Calculate the highest common factor of 5 and 3.
1
What is the greatest common factor of 52 and 7878?
26
What is the greatest common divisor of 5084 and 496?
124
What is the highest common factor of 62 and 38564?
62
What is the highest common factor of 238 and 3689?
119
Calculate the highest common factor of 36597 and 33.
33
What is the greatest common divisor of 565 and 5?
5
Calculate the greatest common divisor of 77 and 11.
11
What is the greatest common factor of 16 and 272?
16
What is the greatest common divisor of 30 and 170?
10
Calculate the greatest common factor of 23046 and 414.
138
What is the highest common factor of 1162 and 49?
7
What is the highest common divisor of 1287 and 891?
99
What is the greatest common factor of 1729 and 95?
19
What is the greatest common divisor of 125 and 6625?
125
Calculate the highest common factor of 44 and 154.
22
Calculate the highest common factor of 156 and 84.
12
What is the greatest common factor of 1639 and 298?
149
Calculate the highest common factor of 114 and 798.
114
What is the highest common factor of 1683 and 408?
51
What is the greatest common divisor of 142 and 2?
2
Calculate the highest common factor of 335 and 10.
5
Calculate the greatest common factor of 561 and 66.
33
What is the highest common factor of 121 and 88?
11
What is the highest common factor of 275 and 88?
11
What is the highest common divisor of 116 and 9280?
116
What is the greatest common divisor of 403 and 52?
13
Calculate the greatest common factor of 1739 and 893.
47
What is the highest common divisor of 9956 and 152?
76
Calculate the highest common divisor of 3708 and 5974.
206
What is the greatest common divisor of 5355 and 504?
63
What is the highest common factor of 18 and 50?
2
Calculate the highest common factor of 425 and 170.
85
What is the highest common factor of 24 and 132?
12
What is the highest common factor of 621 and 92?
23
What is the highest common divisor of 320 and 240?
80
What is the highest common divisor of 30 and 90?
30
Calculate the greatest common factor of 374 and 34.
34
What is the greatest common factor of 576 and 648?
72
What is the greatest common factor of 88 and 40?
8
What is the greatest common factor of 9 and 51?
3
Calculate the highest common divisor of 8 and 142.
2
What is the highest common divisor of 22 and 10549?
11
What is the greatest common factor of 261 and 6?
3
Calculate the greatest common factor of 39 and 21.
3
Calculate the highest common factor of 14823 and 243.
243
What is the greatest common divisor of 180 and 240?
60
What is the greatest common factor of 3423 and 49?
7
What is the highest common divisor of 187 and 22?
11
Calculate the highest common divisor of 1276 and 264.
44
What is the highest common factor of 180 and 60?
60
Calculate the highest common divisor of 58 and 406.
58
What is the highest common factor of 3 and 2823?
3
Calculate the highest common factor of 255 and 68.
17
What is the highest common factor of 30 and 1380?
30
What is the greatest common divisor of 352 and 64?
32
Calculate the greatest common factor of 2919 and 273.
21
What is the highest common factor of 11082 and 18?
6
What is the highest common factor of 45 and 540?
45
Calculate the greatest common factor of 1152 and 224.
32
What is the highest common factor of 2698 and 114?
38
Calculate the greatest common factor of 28 and 126.
14
What is the highest common factor of 603 and 134?
67
Calculate the greatest common divisor of 1458 and 702.
54
Calculate the highest common divisor of 17169 and 1164.
291
What is the highest common divisor of 1070 and 5?
5
What is the highest common factor of 4 and 152?
4
Calculate the greatest common factor of 200 and 8.
8
Calculate the highest common factor of 133 and 114.
19
Calculate the highest common factor of 6 and 39.
3
Calculate the highest common divisor of 140 and 2870.
70
What is the greatest common factor of 6 and 354?
6
Calculate the highest common factor of 2133 and 27.
27
Calculate the highest common divisor of 228 and 60.
12
Calculate the highest common divisor of 371 and 53.
53
What is the highest common divisor of 4921 and 1330?
133
What is the greatest common divisor of 286 and 19877?
143
What is the greatest common divisor of 12 and 2292?
12
Calculate the highest common factor of 7 and 75.
1
Calculate the highest common factor of 1207 and 17.
17
Calculate the greatest common factor of 356 and 4.
4
Calculate the greatest common factor of 288 and 612.
36
What is the greatest common factor of 61 and 183?
61
What is the highest common divisor of 108 and 3?
3
Calculate the greatest common factor of 59531 and 59.
59
Calculate the highest common divisor of 1204 and 43.
43
Calculate the highest common divisor of 18 and 40.
2
Calculate the greatest common factor of 2265 and 15.
15
Calculate the highest common factor of 195 and 5395.
65
What is the greatest common factor of 300 and 75?
75
What is the highest common factor of 14 and 2177?
7
What is the greatest common factor of 861 and 14?
7
Calculate the greatest common factor of 45 and 795.
15
What is the greatest common divisor of 220 and 176?
44
Calculate the highest common divisor of 119 and 7.
7
What is the greatest common factor of 38 and 646?
38
Calculate the greatest common divisor of 154 and 7.
7
What is the greatest common divisor of 160 and 3440?
80
What is the greatest common divisor of 323 and 19?
19
Calculate the greatest common divisor of 64 and 336.
16
Calculate the highest common divisor of 976 and 61.
61
What is the highest common divisor of 344 and 12212?
172
What is the greatest common factor of 51 and 2091?
51
What is the highest common factor of 225 and 120?
15
Calculate the greatest common divisor of 368 and 3956.
92
What is the greatest common factor of 825 and 33?
33
What is the highest common factor of 16 and 1808?
16
Calculate the highest common factor of 56 and 16.
8
What is the highest common divisor of 21 and 441?
21
Calculate the highest common divisor of 20 and 36.
4
Calculate the greatest common factor of 490 and 170.
10
What is the highest common divisor of 72 and 63?
9
What is the highest common divisor of 3052 and 14?
14
What is the greatest common divisor of 2568 and 48?
24
Calculate the highest common divisor of 16571 and 1589.
227
Calculate the highest common divisor of 27 and 135.
27
What is the greatest common factor of 1197 and 1729?
133
What is the greatest common factor of 83 and 4?
1
What is the greatest common factor of 70 and 630?
70
Calculate the highest common divisor of 310 and 30.
10
What is the greatest common factor of 28 and 44?
4
Calculate the greatest common factor of 1260 and 168.
84
Calculate the highest common divisor of 15 and 1275.
15
What is the highest common divisor of 132 and 1485?
33
Calculate the highest common divisor of 645 and 75.
15
What is the highest common divisor of 160 and 1030?
10
Calculate the greatest common